{"id":747,"date":"2025-03-25T16:06:47","date_gmt":"2025-03-25T16:06:47","guid":{"rendered":"https:\/\/thebluezone.cl\/?page_id=747"},"modified":"2025-04-23T23:06:02","modified_gmt":"2025-04-23T23:06:02","slug":"celulas-madre","status":"publish","type":"page","link":"https:\/\/thebluezone.cl\/index.php\/celulas-madre\/","title":{"rendered":"C\u00e9lulas Madre"},"content":{"rendered":"\t\t<div data-elementor-type=\"wp-page\" data-elementor-id=\"747\" class=\"elementor elementor-747\" data-elementor-post-type=\"page\">\n\t\t\t\t<div class=\"elementor-element elementor-element-88bafb5 e-con-full e-flex e-con e-parent\" data-id=\"88bafb5\" data-element_type=\"container\" data-e-type=\"container\">\n\t\t\t\t<div class=\"elementor-element elementor-element-49a3363 elementor-widget elementor-widget-heading\" data-id=\"49a3363\" data-element_type=\"widget\" data-e-type=\"widget\" data-widget_type=\"heading.default\">\n\t\t\t\t<div class=\"elementor-widget-container\">\n\t\t\t\t\t<h2 class=\"elementor-heading-title elementor-size-default\">C\u00e9lulas Madre<\/h2>\t\t\t\t<\/div>\n\t\t\t\t<\/div>\n\t\t\t\t<div class=\"elementor-element elementor-element-bcbecef elementor-widget elementor-widget-ucaddon_cover_flow_carousel\" data-id=\"bcbecef\" data-element_type=\"widget\" data-e-type=\"widget\" data-widget_type=\"ucaddon_cover_flow_carousel.default\">\n\t\t\t\t<div class=\"elementor-widget-container\">\n\t\t\t\t\t\n<!-- start Coverflow Carousel -->\n\t\t<link id='uc_ac_assets_file_jquery_flipster_css_16350-css' href='https:\/\/thebluezone.cl\/wp-content\/uploads\/ac_assets\/cover_flow_carousel\/jquery.flipster.css' type='text\/css' rel='stylesheet' >\n\n<style>\/* widget: Coverflow Carousel *\/\n\n#uc_cover_flow_carousel_elementor_bcbecef{\n  display: none;\n  min-height: 1px;\n}\n\n#uc_cover_flow_carousel_elementor_bcbecef .flipster__item img{  \n  display:block;\n  width:100%;\n}\n\n#uc_cover_flow_carousel_elementor_bcbecef .flipster__item__content{\n  overflow:hidden;\n  position:relative;  \n      -webkit-box-reflect: unset;\n    box-reflect: unset;\n  }\n\n#uc_cover_flow_carousel_elementor_bcbecef .flipster__nav__item a{\n  z-index:1;\n}\n\n.ue-flip-item-title{\n  font-size:21px;\n}\n\n#uc_cover_flow_carousel_elementor_bcbecef .ue-item-btn a{\n  text-decoration:none;\n  text-align:center;\n  transition:0.3s;\n}\n\n\n#uc_cover_flow_carousel_elementor_bcbecef .flipster__button{\n  line-height:1em;\n  margin:0;\n}\n\n#uc_cover_flow_carousel_elementor_bcbecef .ue-flip-item-icon{\n  line-height:1em;\n  display:inline-flex;\n  justify-content:center;\n  align-items:center;  \n}\n\n#uc_cover_flow_carousel_elementor_bcbecef .ue-flip-item-icon svg{\n  height:1em;\n  width:1em;\n}\n\n#uc_cover_flow_carousel_elementor_bcbecef .flipster__container, \n#uc_cover_flow_carousel_elementor_bcbecef .flipster__item, \n#uc_cover_flow_carousel_elementor_bcbecef .flipster__item__content{\n  transition:500ms;\n}\n\n#uc_cover_flow_carousel_elementor_bcbecef .flipster__nav__link::after{\n  background-color:#2D95D3;\n}\n\n#uc_cover_flow_carousel_elementor_bcbecef .flipster__nav__item a{\n  color:#2D95D3;\n}\n\n#uc_cover_flow_carousel_elementor_bcbecef .flipster__nav__item--current>.flipster__nav__link{\n  color:#ffffff;\n}\n\n<\/style>\n\n<div class=\"ue-coverflow   \" id=\"uc_cover_flow_carousel_elementor_bcbecef\"  >\n        <ul class=\"flip-items uc-items-wrapper\">\n            <li class=\"ue-coverflow-item\" data-flip-title=\"Relax Zone\">\n\n\n  \n  \n  \n     <div class=\"ue-item-image\">\n   <a href=\"#mimi\" >       \n          <img fetchpriority=\"high\" decoding=\"async\" src=\"https:\/\/thebluezone.cl\/wp-content\/uploads\/2025\/03\/Recurso-1bottle-768x960.png\" class=\"elementor-repeater-item-baa452b ue-coverflow-image\"  src=\"https:\/\/thebluezone.cl\/wp-content\/uploads\/2025\/03\/Recurso-1bottle-768x960.png\" alt=\"Recurso 1bottle\" width=\"768\" height=\"960\"> \n      \t   \n   <\/a>    <\/div>\n     \n     <div class=\"ue-flip-item-content elementor-repeater-item-baa452b-item-content\">\n     <div class=\"ue-flip-item-content-inside\">\n                     <div class=\"ue-flip-item-text\"><p style=\"text-align: center;\"><strong>Artrosis<\/strong><\/p><p style=\"text-align: center;\">Este enfoque refuerza la eficacia de la terapia y destaca su potencial en el<br \/>tratamiento de enfermedades osteoarticulares.<\/p><\/div>              \t <div class=\"ue-item-btn\">\n                        <a href=\"#mimi\"  class=\"\">Ver M\u00e1s<\/a>\n       \t    \n         <\/div>\n              <div class=\"ue-item-template\"><\/div>\n     <\/div>\n  <\/div>\n  <\/li>\n<li class=\"ue-coverflow-item\" data-flip-title=\"Yellow Flowers\">\n\n\n  \n  \n  \n     <div class=\"ue-item-image\">\n   <a href=\"#mimi1\" >       \n          <img decoding=\"async\" src=\"https:\/\/thebluezone.cl\/wp-content\/uploads\/2025\/03\/Recurso-2bottle-768x960.png\" class=\"elementor-repeater-item-cdd6b9f ue-coverflow-image\"  src=\"https:\/\/thebluezone.cl\/wp-content\/uploads\/2025\/03\/Recurso-2bottle-768x960.png\" alt=\"Recurso 2bottle\" width=\"768\" height=\"960\"> \n      \t   \n   <\/a>    <\/div>\n     \n     <div class=\"ue-flip-item-content elementor-repeater-item-cdd6b9f-item-content\">\n     <div class=\"ue-flip-item-content-inside\">\n                     <div class=\"ue-flip-item-text\"><p style=\"text-align: center;\"><strong>Enfermedades Autoinmunes<\/strong><\/p><p style=\"text-align: center;\">\u00a0Este tratamiento ofrece una alternativa prometedora para enfermedades como<br \/>artritis reumatoide, lupus eritematoso sist\u00e9mico, esclerosis m\u00faltiple, enfermedad<br \/>de Crohn, entre otras.<\/p><\/div>              \t <div class=\"ue-item-btn\">\n                        <a href=\"#mimi1\"  class=\"\">Ver M\u00e1s<\/a>\n       \t    \n         <\/div>\n              <div class=\"ue-item-template\"><\/div>\n     <\/div>\n  <\/div>\n  <\/li>\n<li class=\"ue-coverflow-item\" data-flip-title=\"Yellow Flowers\">\n\n\n  \n  \n  \n     <div class=\"ue-item-image\">\n   <a href=\"#mimi2\" >       \n          <img decoding=\"async\" src=\"https:\/\/thebluezone.cl\/wp-content\/uploads\/2025\/03\/Recurso-4bottle-768x960.png\" class=\"elementor-repeater-item-7230916 ue-coverflow-image\"  src=\"https:\/\/thebluezone.cl\/wp-content\/uploads\/2025\/03\/Recurso-4bottle-768x960.png\" alt=\"Recurso 4bottle\" width=\"768\" height=\"960\"> \n      \t   \n   <\/a>    <\/div>\n     \n     <div class=\"ue-flip-item-content elementor-repeater-item-7230916-item-content\">\n     <div class=\"ue-flip-item-content-inside\">\n                     <div class=\"ue-flip-item-text\"><p><strong>S\u00edndrome de Fragilidad<\/strong><\/p><p>\u00a0Este tratamiento representa una alternativa innovadora para mejorar la calidad<br \/>de vida en personas mayores o en riesgo de fragilidad.<\/p><\/div>              \t <div class=\"ue-item-btn\">\n                        <a href=\"#mimi2\"  class=\"\">Ver M\u00e1s<\/a>\n       \t    \n         <\/div>\n              <div class=\"ue-item-template\"><\/div>\n     <\/div>\n  <\/div>\n  <\/li>\n<li class=\"ue-coverflow-item\" data-flip-title=\"Yellow Flowers\">\n\n\n  \n  \n  \n     <div class=\"ue-item-image\">\n   <a href=\"#mimi3\" >       \n          <img loading=\"lazy\" decoding=\"async\" src=\"https:\/\/thebluezone.cl\/wp-content\/uploads\/2025\/03\/Recurso-3bottle-768x960.png\" class=\"elementor-repeater-item-20ea902 ue-coverflow-image\"  src=\"https:\/\/thebluezone.cl\/wp-content\/uploads\/2025\/03\/Recurso-3bottle-768x960.png\" alt=\"Recurso 3bottle\" width=\"768\" height=\"960\"> \n      \t   \n   <\/a>    <\/div>\n     \n     <div class=\"ue-flip-item-content elementor-repeater-item-20ea902-item-content\">\n     <div class=\"ue-flip-item-content-inside\">\n                     <div class=\"ue-flip-item-text\"><p style=\"text-align: center;\"><strong>Est\u00e9tica<\/strong><\/p><p style=\"text-align: center;\">\u00a0El uso de c\u00e9lulas madre en est\u00e9tica no solo ralentiza el envejecimiento, sino que<br \/>tambi\u00e9n mejora la salud general de la piel, ofreciendo un tratamiento natural,<br \/>eficaz y de largo plazo.<\/p><\/div>              \t <div class=\"ue-item-btn\">\n                        <a href=\"#mimi3\"  class=\"\">Ver M\u00e1s<\/a>\n       \t    \n         <\/div>\n              <div class=\"ue-item-template\"><\/div>\n     <\/div>\n  <\/div>\n  <\/li>\n<li class=\"ue-coverflow-item\" data-flip-title=\"Yellow Flowers\">\n\n\n  \n  \n  \n     <div class=\"ue-item-image\">\n   <a href=\"#mimi4\" >       \n          <img loading=\"lazy\" decoding=\"async\" src=\"https:\/\/thebluezone.cl\/wp-content\/uploads\/2025\/04\/Sin-titulo-2-768x960.png\" class=\"elementor-repeater-item-67fc34f ue-coverflow-image\"  src=\"https:\/\/thebluezone.cl\/wp-content\/uploads\/2025\/04\/Sin-titulo-2-768x960.png\" alt=\"Sin t\u00edtulo-2\" width=\"768\" height=\"960\"> \n      \t   \n   <\/a>    <\/div>\n     \n     <div class=\"ue-flip-item-content elementor-repeater-item-67fc34f-item-content\">\n     <div class=\"ue-flip-item-content-inside\">\n                     <div class=\"ue-flip-item-text\"><p style=\"text-align: center;\"><strong>Lesiones Deportivas<\/strong><\/p><p style=\"text-align: center;\">\u00a0El uso de c\u00e9lulas madre en deportistas representa una alternativa innovadora y<br \/>efectiva para acelerar la recuperaci\u00f3n, reducir la inflamaci\u00f3n y promover la<br \/>regeneraci\u00f3n de tejidos, disminuyendo la necesidad de cirug\u00edas y el riesgo de<br \/>reca\u00eddas.<\/p><\/div>              \t <div class=\"ue-item-btn\">\n                        <a href=\"#mimi4\"  class=\"\">Ver M\u00e1s<\/a>\n       \t    \n         <\/div>\n              <div class=\"ue-item-template\"><\/div>\n     <\/div>\n  <\/div>\n  <\/li>\n\n        <\/ul>\n<\/div>\n<!-- end Coverflow Carousel -->\t\t\t\t<\/div>\n\t\t\t\t<\/div>\n\t\t<div class=\"elementor-element elementor-element-62e6cb2 elementor-hidden-tablet elementor-hidden-mobile e-flex e-con-boxed e-con e-child\" data-id=\"62e6cb2\" data-element_type=\"container\" data-e-type=\"container\">\n\t\t\t\t\t<div class=\"e-con-inner\">\n\t\t\t\t<div class=\"elementor-element elementor-element-3faf61c elementor-widget elementor-widget-ucaddon_stacking_cards\" data-id=\"3faf61c\" data-element_type=\"widget\" data-e-type=\"widget\" data-widget_type=\"ucaddon_stacking_cards.default\">\n\t\t\t\t<div class=\"elementor-widget-container\">\n\t\t\t\t\t\n<!-- start Stacking Cards -->\n\t\t<link id='font-awesome-css' href='https:\/\/thebluezone.cl\/wp-content\/plugins\/unlimited-elements-for-elementor-premium\/assets_libraries\/font-awesome6\/fontawesome-all.min.css' type='text\/css' rel='stylesheet' >\n\t\t<link id='font-awesome-4-shim-css' href='https:\/\/thebluezone.cl\/wp-content\/plugins\/unlimited-elements-for-elementor-premium\/assets_libraries\/font-awesome6\/fontawesome-v4-shims.min.css' type='text\/css' rel='stylesheet' >\n\t\t<link id='fancybox-css' href='https:\/\/thebluezone.cl\/wp-content\/plugins\/unlimited-elements-for-elementor-premium\/assets_libraries\/fancybox3\/jquery.fancybox.min.css' type='text\/css' rel='stylesheet' >\n\n<style>\/* widget: Stacking Cards *\/\n\n#uc_stacking_cards_elementor_3faf61c {\n\twidth: 100%;\n\tmargin: 0 auto;\n\t--card-top-offset: 0px;\n    --card-height:600px;\n}\n\n@media (max-width: 1024px) {\n  #uc_stacking_cards_elementor_3faf61c {\n\t--card-top-offset:  0px;\n    --card-height:600px;\n  }\n}\n@media (max-width: 767px) {\n  #uc_stacking_cards_elementor_3faf61c {\n\t--card-top-offset:  0px;\n    --card-height: 600px;\n  }\n}\n\n\n#uc_stacking_cards_elementor_3faf61c .ue_cards_wrapper {\n    padding-bottom: calc(5 * var(--card-top-offset)); \/* Make place at bottom, as items will slide to that position*\/\n  \tdisplay: grid;\n    justify-items: center;\n\tgrid-template-columns: 1fr;\n    grid-template-rows: repeat(5, var(--card-height));\n    \/* margin-bottom: var(--card-margin);\n\tgap: var(--card-margin); *\/\n}\n\n#uc_stacking_cards_elementor_3faf61c .ue_stacking_card_item {\n\t\/*position: sticky;*\/\/* will be nabled in js to allow calc of start position of the cards *\/\n    padding-top: var(--card-top-offset);\n\ttransform-origin: 30% 0%;\n\twill-change: transform;\n}\n\n#uc_stacking_cards_elementor_3faf61c .ue_card_content {\n    height: var(--card-height);\n    min-height: var(--card-height);\n\toverflow: hidden;\n\tdisplay: flex;\n\talign-items: stretch;\n}\n\n#uc_stacking_cards_elementor_3faf61c .ue_content_left {\n\t\/*place-self: center;*\/\n\t\/*display: grid;*\/\n    display: flex;\n    flex-direction: column;\n    flex-shrink: 0;\n    }\n\n#uc_stacking_cards_elementor_3faf61c .ue_card_content > figure {\n\toverflow: hidden;\n    flex-grow: 1;\n}\n\n#uc_stacking_cards_elementor_3faf61c .ue_card_content > figure .ue_sc_img,\n#uc_stacking_cards_elementor_3faf61c .ue_card_content > figure > a{\n\twidth: 100%;\n\theight: 100%;\n}\n\n#uc_stacking_cards_elementor_3faf61c .ue_sc_button {\n\tdisplay: inline-block;\n    height: fit-content;\n    overflow:hidden;\n}\n\n\n #uc_stacking_cards_elementor_3faf61c .ue_stacking_card_item{\n  transform: translate3d(0px, 0px, 0px) rotate(0deg);\n  filter: blur(0px) grayscale(0%);\n }\n\n\/* soft styles*\/\n.ue_sc_title {\n\tfont-weight: 300;\n\tfont-size: 2.4em;\n    line-height: 1.2;\n}\n\n.ue_sc_desc {\n\tfont-weight: 300;\n\tline-height: 1.42;\n}\n.ue_stacking_card_item {\n  width:100%;\n}\n.ue_card_content {\n\tbox-shadow: 0px 10px 40px 0px rgba(0, 0, 0, 0.30);\n}\n\/* *\/\n\n\/* start creative button hover styles *\/\n#uc_stacking_cards_elementor_3faf61c .uc_content{\n  display: flex;\n  flex-wrap: wrap;\n}\n\n\/* GENERAL BUTTON STYLING *\/\n#uc_stacking_cards_elementor_3faf61c .uc_button {\n  overflow:hidden;\n  flex-shrink: 0;\n}\n\n#uc_stacking_cards_elementor_3faf61c .uc_button,\n#uc_stacking_cards_elementor_3faf61c .uc_button::after {\n\ttransition: all 0.3s;\n}\n\n#uc_stacking_cards_elementor_3faf61c .uc_button {\n  position: relative;\n}\n\n#uc_stacking_cards_elementor_3faf61c .uc_button span{\n  z-index: 2;\n  position: relative;\n  display: block;\n}\n\n#uc_stacking_cards_elementor_3faf61c .uc_button::before,\n#uc_stacking_cards_elementor_3faf61c .uc_button::after {\n  content: '';\n  position: absolute;\n  z-index: 1;\n}\n\n\/* BUTTON 1 *\/\n#uc_stacking_cards_elementor_3faf61c .uc_btn-1::after {\n  height: 0;\n  left: 0;\n  top: 0;\n  width: 100%;\n}\n\n#uc_stacking_cards_elementor_3faf61c .uc_btn-1:hover:after {\n  height: 100%;\n}\n\n\/* BUTTON 7 *\/\n#uc_stacking_cards_elementor_3faf61c .uc_btn-7::after {\n  height: 0;\n  left: 0;\n  bottom: 0;\n  width: 100%;\n}\n\n#uc_stacking_cards_elementor_3faf61c .uc_btn-7:hover:after {\n  height: 100%;\n}\n\n\/* BUTTON 2 *\/\n#uc_stacking_cards_elementor_3faf61c .uc_btn-2::after {\n  height: 100%;\n  left: 0;\n  top: 0;\n  width: 0;\n}\n\n#uc_stacking_cards_elementor_3faf61c .uc_btn-2:hover:after {\n  width: 100%;\n}\n\n\/* BUTTON 6 *\/\n#uc_stacking_cards_elementor_3faf61c .uc_btn-6::after {\n  height: 100%;\n  right: 0;\n  top: 0;\n  width: 0;\n}\n\n#uc_stacking_cards_elementor_3faf61c .uc_btn-6:hover:after {\n  width: 100%;\n}\n\n\/* BUTTON 3 *\/\n#uc_stacking_cards_elementor_3faf61c .uc_btn-3::after {\n  height: 0;\n  left: 50%;\n  top: 50%;\n  width: 0;\n}\n\n#uc_stacking_cards_elementor_3faf61c .uc_btn-3:hover:after {\n  height: 100%;\n  left: 0;\n  top: 0;\n  width: 100%;\n}\n\n\n\/* BUTTON 4 *\/\n#uc_stacking_cards_elementor_3faf61c .uc_btn-4::before {\n}\n\n#uc_stacking_cards_elementor_3faf61c .uc_btn-4::after {\n  height: 100%;\n  left: 0;\n  top: 0;\n  width: 100%;\n}\n\n#uc_stacking_cards_elementor_3faf61c .uc_btn-4:hover:after{\n  height: 0;\n  left: 50%;\n  top: 50%;\n  width: 0;\n}\n\n\n\/* BUTTON 5 *\/\n#uc_stacking_cards_elementor_3faf61c .uc_btn-5 {\n  overflow: hidden;\n}\n\n#uc_stacking_cards_elementor_3faf61c .uc_btn-5::after {\n  height: 100%;\n  left: -100%;\n  top: 0;\n  transform: skew(50deg);\n  transition-duration: 0.6s;\n  transform-origin: top left;\n  width: 0;\n}\n\n#uc_stacking_cards_elementor_3faf61c .uc_btn-5:hover:after {\n  height: 100%;\n  width: 200%;\n}\n\/* end styles *\/\n#uc_stacking_cards_elementor_3faf61c .ue_content_wrapper {\n  display: flex;\n  align-items: stretch;\n  position:relative;\n  height:100%;\n  width: 100%;\n}\n#uc_stacking_cards_elementor_3faf61c .ue_stacking_card_item.uc-item-error .ue_content_wrapper,\n#uc_stacking_cards_elementor_3faf61c .ue_stacking_card_item.uc-item-message .ue_content_wrapper{\n  justify-content: center;\n  align-items: center;\n}\n#uc_stacking_cards_elementor_3faf61c .uc-error{\n  color:red;\n  font-weight:500;\n}\n#uc_stacking_cards_elementor_3faf61c .uc-message{\n  font-weight:500;\n}\n.elementor-repeater-item-cc6e3a9 {\n  padding-top: calc(1 * var(--card-top-offset))!important;\n}\n.elementor-repeater-item-2ce560e {\n  padding-top: calc(2 * var(--card-top-offset))!important;\n}\n.elementor-repeater-item-7280dfa {\n  padding-top: calc(3 * var(--card-top-offset))!important;\n}\n.elementor-repeater-item-102c36b {\n  padding-top: calc(4 * var(--card-top-offset))!important;\n}\n.elementor-repeater-item-351b5fd {\n  padding-top: calc(5 * var(--card-top-offset))!important;\n}\n\n\n<\/style>\n\n<div id=\"uc_stacking_cards_elementor_3faf61c\" data-editor=\"no\" data-errors=\"false\" data-show-section=\"false\" class=\"ue_stacking_cards_widget uc_creative_buttons  \"   dir=\"ltr\">\n\t<div class=\"ue_cards_wrapper uc-items-wrapper\">\n      <div class=\"ue_stacking_card_item elementor-repeater-item-cc6e3a9 ueitem-1\" data-source=\"normal\" data-id=\"\">\n  <div class=\"ue_card_content\" style=\"background-image: url(https:\/\/thebluezone.cl\/wp-content\/uploads\/2025\/04\/CELULAS-MADRES-WEB_page-0001-scaled.jpg);\">\n    \n          <div class=\"ue_content_left\">\n                        <div class=\"ue_sc_desc\"><span id=\"mimi\"><\/span><\/div>\t          <\/div>\n\t        \n      \n      \n  <\/div>\n<\/div>\n<div class=\"ue_stacking_card_item elementor-repeater-item-2ce560e ueitem-2\" data-source=\"normal\" data-id=\"\">\n  <div class=\"ue_card_content\" style=\"background-image: url(https:\/\/thebluezone.cl\/wp-content\/uploads\/2025\/04\/CELULAS-MADRES-WEB_page-0002-scaled.jpg);\">\n    \n          <div class=\"ue_content_left\">\n                        <div class=\"ue_sc_desc\"><span id=\"mimi2\"><\/span><\/div>\t          <\/div>\n\t        \n      \n      \n  <\/div>\n<\/div>\n<div class=\"ue_stacking_card_item elementor-repeater-item-7280dfa ueitem-3\" data-source=\"normal\" data-id=\"\">\n  <div class=\"ue_card_content\" style=\"background-image: url(https:\/\/thebluezone.cl\/wp-content\/uploads\/2025\/04\/CELULAS-MADRES-WEB_page-0003-scaled.jpg);\">\n    \n          <div class=\"ue_content_left\">\n                        <div class=\"ue_sc_desc\"><span id=\"mimi2\"><\/span><\/div>\t          <\/div>\n\t        \n      \n      \n  <\/div>\n<\/div>\n<div class=\"ue_stacking_card_item elementor-repeater-item-102c36b ueitem-4\" data-source=\"normal\" data-id=\"\">\n  <div class=\"ue_card_content\" style=\"background-image: url(https:\/\/thebluezone.cl\/wp-content\/uploads\/2025\/04\/CELULAS-MADRES-WEB_page-0004-scaled.jpg);\">\n    \n          <div class=\"ue_content_left\">\n                        <div class=\"ue_sc_desc\"><span id=\"mimi3\"><\/span><\/div>\t          <\/div>\n\t        \n      \n      \n  <\/div>\n<\/div>\n<div class=\"ue_stacking_card_item elementor-repeater-item-351b5fd ueitem-5\" data-source=\"normal\" data-id=\"\">\n  <div class=\"ue_card_content\" style=\"background-image: url(https:\/\/thebluezone.cl\/wp-content\/uploads\/2025\/04\/CELULAS-MADRES-WEB_page-0005-scaled.jpg);\">\n    \n          <div class=\"ue_content_left\">\n                        <div class=\"ue_sc_desc\"><span id=\"mimi4\"><\/span><\/div>\t          <\/div>\n\t        \n      \n      \n  <\/div>\n<\/div>\n\n\t<\/div>\n<\/div>\n<!-- end Stacking Cards -->\t\t\t\t<\/div>\n\t\t\t\t<\/div>\n\t\t\t\t\t<\/div>\n\t\t\t\t<\/div>\n\t\t\t\t<\/div>\n\t\t\t\t<\/div>\n\t\t","protected":false},"excerpt":{"rendered":"<p>Artrosis Este enfoque refuerza la eficacia de la terapia y destaca su potencial en eltratamiento de enfermedades osteoarticulares. Ver M\u00e1s Enfermedades Autoinmunes \u00a0Este tratamiento ofrece una alternativa prometedora para enfermedades comoartritis reumatoide, lupus eritematoso sist\u00e9mico, esclerosis m\u00faltiple, enfermedadde Crohn, entre otras. Ver M\u00e1s S\u00edndrome de Fragilidad \u00a0Este tratamiento representa una alternativa innovadora para mejorar la [&hellip;]<\/p>\n","protected":false},"author":1,"featured_media":0,"parent":0,"menu_order":0,"comment_status":"closed","ping_status":"closed","template":"elementor_header_footer","meta":{"inline_featured_image":false,"footnotes":""},"class_list":["post-747","page","type-page","status-publish","hentry"],"_links":{"self":[{"href":"https:\/\/thebluezone.cl\/index.php\/wp-json\/wp\/v2\/pages\/747","targetHints":{"allow":["GET"]}}],"collection":[{"href":"https:\/\/thebluezone.cl\/index.php\/wp-json\/wp\/v2\/pages"}],"about":[{"href":"https:\/\/thebluezone.cl\/index.php\/wp-json\/wp\/v2\/types\/page"}],"author":[{"embeddable":true,"href":"https:\/\/thebluezone.cl\/index.php\/wp-json\/wp\/v2\/users\/1"}],"replies":[{"embeddable":true,"href":"https:\/\/thebluezone.cl\/index.php\/wp-json\/wp\/v2\/comments?post=747"}],"version-history":[{"count":42,"href":"https:\/\/thebluezone.cl\/index.php\/wp-json\/wp\/v2\/pages\/747\/revisions"}],"predecessor-version":[{"id":1052,"href":"https:\/\/thebluezone.cl\/index.php\/wp-json\/wp\/v2\/pages\/747\/revisions\/1052"}],"wp:attachment":[{"href":"https:\/\/thebluezone.cl\/index.php\/wp-json\/wp\/v2\/media?parent=747"}],"curies":[{"name":"wp","href":"https:\/\/api.w.org\/{rel}","templated":true}]}}